the highest common factor of s and p.
8
Suppose 0 = -0*u - 2*u + 4. Suppose u*y - 1 = y. What is the greatest common factor of 1 and y?
1
Let c = 235 + -92. Let r = -38 + 60. Let w = 35 - r. Calculate the greatest common divisor of c and w.
13
Let g be 26/10 - (-4)/10. Suppose 4*j + p = -0*j + 88, -g*j + 66 = -p. Calculate the highest common divisor of 11 and j.
11
Let y(v) = -2*v**3 + 5*v - 2. Let d be y(-2). What is the highest common divisor of 30 and d?
2
Let a = 302 + -294. Let v = -23 - -47. What is the greatest common divisor of v and a?
8
Suppose 0*b = 2*b - 262. Let n = -76 + b. Calculate the highest common factor of n and 11.
11
Let r(j) be the first derivative of -j**4/4 + j**3 + 2*j + 3. Let t be r(3). Suppose 2*q - 12 = -t*q. Calculate the highest common factor of 27 and q.
3
Let u be 6/(-4) + 212/8. Calculate the highest common factor of 275 and u.
25
Let g = 105 + -54. Calculate the highest common factor of g and 68.
17
Let f be (6 + 2)/(1 + -2). Let n be (-4 + f)/(1/(-6)). Calculate the greatest common factor of 8 and n.
8
Suppose -3*k - 2*k - 3*u + 286 = 0, 4*k - 222 = u. Suppose -2*c + k = -4*c. Let o be c/10*(-23 + 3). Calculate the highest common divisor of 8 and o.
8
Suppose 5*x - 363 = 2*x. Let k = 1 - -10. Calculate the greatest common divisor of x and k.
11
Let n(w) = -3*w - 1. Let l be n(-5). Calculate the greatest common divisor of 2 and l.
2
Let v be ((-45)/10)/((-3)/204). Calculate the greatest common divisor of v and 34.
34
Suppose 2*n = -4*w + 400, -5*n = w - 9 - 1027. Calculate the greatest common divisor of 16 and n.
16
Let c = 7 + 0. Suppose -c - 15 = -m. Calculate the highest common factor of 55 and m.
11
Let i be 17/3 + (-6)/9. Suppose -4*t - 37 = -5*d, i*t = -3*d + 5*d - 25. Suppose 2*p - d*p = -27. What is the greatest common divisor of 9 and p?
9
Let f = 10 + -6. Suppose -f*o + s + 4*s + 24 = 0, 0 = 2*o - 2*s - 10. What is the highest common factor of o and 1?
1
Let h be 5/(-2)*(-4)/5. Suppose s + h*s = 75. Calculate the greatest common factor of s and 5.
5
Suppose 2*p - 8 - 16 = -5*c, -p + 12 = 2*c. Suppose -j = -0*j - 4. Calculate the highest common divisor of p and j.
4
Suppose -8 + 16 = 4*f, -2*m - 5*f + 178 = 0. Let j(n) = n**2 + 2*n - 3. Let t be j(4). Calculate the highest common factor of t and m.
21
Suppose 3*v + 16 = -m + 107, 85 = 3*v + 4*m. Suppose v = 2*y - 53. Suppose -u + 3*b = -5*u + 118, -5*u + 142 = b. What is the greatest common factor of u and y?
14
Suppose 4*f = t + 388 + 41, f - t = 105. Calculate the greatest common factor of 12 and f.
12
Suppose -4*q + 112 = 2*m + 36, 0 = -3*m - 3*q + 105. What is the greatest common factor of 80 and m?
16
Suppose 2*g = -9*g + 3509. What is the highest common divisor of g and 11?
11
Suppose -5*n - 3 = 17. Let k(r) = -r**3 - 4*r**2 - 5*r + 4. Let c be k(n). Let x = -5 + 21. What is the highest common factor of c and x?
8
Let q(g) be the third derivative of g**5/60 - 5*g**4/24 - 2*g**3/3 - 5*g**2. Let o be q(6). Suppose d + 2*d = 3. What is the greatest common factor of o and d?
1
Suppose 0 = u + 4*c - 2*c - 44, -5*u - 4*c = -214. What is the greatest common factor of 105 and u?
21
Let q(p) be the second derivative of 11*p**5/10 - p**4/12 + p**3/6 - 5*p. Let u be q(1). Calculate the highest common divisor of 44 and u.
22
Let u(a) = -a**2 + 16*a + 3. Suppose -3*t - 49 = -6*t - h, h - 19 = -t. Let l be u(t). Calculate the greatest common divisor of l and 54.
18
Suppose -11 = -3*b + 7. What is the greatest common factor of 48 and b?
6
Let y be (-63*(2 - 1))/1. Let o = y - -12. Let k be (o/12)/((-2)/8). Calculate the highest common factor of k and 136.
17
Suppose -p - 3*p = -72. What is the highest common divisor of 9 and p?
9
Let d(y) = 3 - 3*y**2 + 8*y - y + 0*y - y**3. Let j be d(-5). Calculate the greatest common factor of j and 3.
3
Let k be 88 + (-2)/(-2) + 1 + -2. Calculate the greatest common factor of 8 and k.
8
Let n be (0 + 1)/(2/26). Suppose -5*o = -7 - n. Suppose j - 110 = -o*j. Calculate the highest common divisor of 55 and j.
11
Let d = 768 + -534. What is the greatest common divisor of 26 and d?
26
Suppose -3 = -i - 11. Let t be 888/30 - 2/(-5). Let x = t + i. Calculate the highest common factor of x and 33.
11
Suppose 23 = 5*n - 4*t, 2 = -5*t + 4*t. Suppose -2*p + 7 = -n. Suppose 3*s - 8 - 7 = 0, 3*k - p*s = 71. Calculate the highest common divisor of k and 8.
8
Suppose 36 = -18*q + 21*q. What is the highest common divisor of 12 and q?
12
Suppose -b = -5 + 4. Let q(h) be the third derivative of 33*h**6/40 - h**4/24 + h**3/6 - 2*h**2. Let k be q(b). Calculate the greatest common factor of k and 9.
9
Let l(h) = h**2 - 5*h + 6. Let k be l(8). Let f = 13 - 9. Suppose 2 = -0*n + n - 4*u, -f*n = 2*u - 44. Calculate the highest common divisor of k and n.
10
Let n = 27 + -12. Suppose -h - n = -4*h. Calculate the highest common divisor of 25 and h.
5
Let w = -66 - -44. Let t = 32 + w. What is the greatest common divisor of 110 and t?
10
Suppose -5*w - 636 = -2*o, -w - 129 = 5*o - 6*o. Let m = w - -186. Calculate the greatest common divisor of m and 15.
15
Let i(u) = 5*u**3 - 4*u**2. Let h be 0/(-2) - (-5 + 2). Let a be i(h). What is the highest common factor of a and 9?
9
Let v = -44 + 71. Calculate the highest common factor of 81 and v.
27
Let z(y) = -y + 12. Let d be z(5). What is the highest common factor of 21 and d?
7
Suppose 2*x + 3*x - 75 = 0. Suppose m + 2*m = -3. Let j = 61 + m. Calculate the highest common divisor of x and j.
15
Suppose -2*p + 5*p = 6. Let x be p + 52 - -2 - 1. Suppose w - 6*w = -x. What is the highest common factor of w and 77?
11
Suppose 0 = -p + 3*w + 2*w + 19, 11 = p - w. Let b(y) = -63*y**3 - y**2 - 2*y - 1. Let c be b(-1). Calculate the highest common divisor of c and p.
9
Let r be (-126)/(-10) - (-6)/15. Calculate the greatest common factor of 26 and r.
13
Let r be (-2184)/(-98) + (-2)/7. What is the greatest common factor of 44 and r?
22
Let q(f) = 17*f**2 + 4*f - 5. Let x be q(1). Suppose -y + 12 = -4. What is the greatest common factor of x and y?
16
Suppose -w - h = 3*w, 0 = w - 4*h. Suppose w*r = -r - k + 28, -k = 2*r - 54. Calculate the greatest common factor of 13 and r.
13
Suppose 4*n + n - 10 = 0. Suppose n*w + 247 = 3*a + w, -3*w - 417 = -5*a. Calculate the greatest common divisor of 9 and a.
9
Let x be 16/(-6)*27/12. Let h be 6/4*(-8)/x. What is the greatest common divisor of 4 and h?
2
Let j = -7 - -31. What is the highest common divisor of 6 and j?
6
Suppose -u = k + k - 48, -5*k + 5*u = -105. Calculate the highest common factor of k and 69.
23
Let v(y) = -7*y + 3*y**2 + 7 + 9 - y**2 - 8. Let w = 10 - 2. Let r be v(w). What is the greatest common divisor of r and 32?
16
Let r be 12/54 - (-1398)/27. Let h(q) = -q**3 - 7*q**2 - 8*q + 1. Let x be h(-6). What is the highest common factor of x and r?
13
Let o(b) = -b**3 + 12*b**2 - 3*b - 16. Let d be o(11). What is the greatest common divisor of 9 and d?
9
Suppose -5*o + 38 + 57 = 0. Calculate the highest common divisor of o and 19.
19
Suppose -v + 2*v = -5. Let o be v - -13 - -1*2. Suppose z - 119 = -0*l + 3*l, 0 = -2*z + l + 223. Calculate the greatest common divisor of z and o.
10
Suppose 5*w - 288 - 452 = 0. Let s = w - 48. What is the highest common factor of 20 and s?
20
Let z(a) = 4*a + 1. Let t be z(1). Suppose 0 = -2*i + t*v + 66, -v - 3*v = -2*i + 66. Let c = 55 + -33. Calculate the greatest common factor of i and c.
11
Let c = 1 - -11. What is the highest common divisor of 12 and c?
12
Let d = 1 + 14. Calculate the greatest common factor of 30 and d.
15
Let u(a) = -a**3 - 6*a**2 - 6*a + 6. Let r be 10*2/(4*-1). Let s be u(r). What is the highest common factor of s and 44?
11
Let o = -6 + 9. Suppose 4*n + 21 = 141. Let m = n + -18. What is the greatest common factor of m and o?
3
Let s = -3 - -2. Let n be 3/((-3)/(-41)) + s. Let r be (-76)/(-18) + (-6)/27. Calculate the highest common divisor of r and n.
4
Let f be 2/(((-16)/114)/(-4)). What is the greatest common factor of f and 19?
19
Let z be 12/8*2 + 1. Let y be -2 - ((-60)/z + 4). What is the greatest common divisor of y and 36?
9
Let k be (-2)/3*3 + 4. Suppose -3*o - 5*r + 49 = 0, 7*r = -k*o + 3*r + 32. What is the highest common divisor of o and 45?
9
Suppose 4 = -3*s - 5, 2*a = 3*s +